at is the tens digit of 570?
7
What is the units digit of 1144?
4
What is the tens digit of 30024?
2
What is the units digit of 86440?
0
What is the tens digit of 23642?
4
What is the units digit of 99?
9
What is the tens digit of 777?
7
What is the hundreds digit of 30128?
1
What is the thousands digit of 29208?
9
What is the tens digit of 28161?
6
What is the units digit of 4183?
3
What is the units digit of 258?
8
What is the ten thousands digit of 71315?
7
What is the tens digit of 148?
4
What is the tens digit of 362?
6
What is the tens digit of 56890?
9
What is the tens digit of 21492?
9
What is the tens digit of 19574?
7
What is the units digit of 72223?
3
What is the thousands digit of 2489?
2
What is the units digit of 4847?
7
What is the units digit of 3008?
8
What is the units digit of 34190?
0
What is the units digit of 3837?
7
What is the units digit of 143713?
3
What is the tens digit of 820?
2
What is the thousands digit of 4787?
4
What is the hundred thousands digit of 102896?
1
What is the hundreds digit of 5811?
8
What is the thousands digit of 10036?
0
What is the tens digit of 1960?
6
What is the hundreds digit of 101?
1
What is the hundreds digit of 2688?
6
What is the tens digit of 36280?
8
What is the tens digit of 258?
5
What is the thousands digit of 16817?
6
What is the units digit of 723?
3
What is the units digit of 59286?
6
What is the units digit of 2863?
3
What is the thousands digit of 1347?
1
What is the units digit of 135?
5
What is the thousands digit of 12240?
2
What is the ten thousands digit of 15450?
1
What is the hundreds digit of 9875?
8
What is the tens digit of 50985?
8
What is the hundreds digit of 469?
4
What is the units digit of 1126?
6
What is the hundreds digit of 17450?
4
What is the units digit of 85055?
5
What is the units digit of 10753?
3
What is the hundreds digit of 41483?
4
What is the thousands digit of 10965?
0
What is the tens digit of 2557?
5
What is the hundreds digit of 36823?
8
What is the thousands digit of 1184?
1
What is the thousands digit of 4888?
4
What is the tens digit of 46597?
9
What is the ten thousands digit of 35304?
3
What is the units digit of 27773?
3
What is the thousands digit of 4486?
4
What is the tens digit of 5979?
7
What is the thousands digit of 7274?
7
What is the hundreds digit of 4928?
9
What is the hundreds digit of 1433?
4
What is the ten thousands digit of 107321?
0
What is the tens digit of 2369?
6
What is the ten thousands digit of 31009?
3
What is the hundreds digit of 10512?
5
What is the thousands digit of 1709?
1
What is the hundreds digit of 4901?
9
What is the tens digit of 76328?
2
What is the thousands digit of 7183?
7
What is the tens digit of 2442?
4
What is the ten thousands digit of 67428?
6
What is the hundreds digit of 1581?
5
What is the hundreds digit of 10614?
6
What is the hundreds digit of 9473?
4
What is the ten thousands digit of 159939?
5
What is the thousands digit of 30371?
0
What is the ten thousands digit of 17854?
1
What is the tens digit of 156?
5
What is the ten thousands digit of 75208?
7
What is the units digit of 2773?
3
What is the hundreds digit of 68943?
9
What is the units digit of 1807?
7
What is the units digit of 7339?
9
What is the tens digit of 725?
2
What is the thousands digit of 1431?
1
What is the tens digit of 9216?
1
What is the hundreds digit of 216?
2
What is the hundreds digit of 17156?
1
What is the hundreds digit of 2061?
0
What is the tens digit of 7457?
5
What is the units digit of 1200?
0
What is the units digit of 30537?
7
What is the units digit of 7777?
7
What is the tens digit of 5634?
3
What is the thousands digit of 2856?
2
What is the thousands digit of 6350?
6
What is the hundreds digit of 5195?
1
What is the tens digit of 173?
7
What is the hundreds digit of 44007?
0
What is the tens digit of 118?
1
What is the hundreds digit of 13494?
4
What is the tens digit of 90940?
4
What is the thousands digit of 2406?
2
What is the tens digit of 4575?
7
What is the units digit of 4986?
6
What is the hundred thousands digit of 106043?
1
What is the ten thousands digit of 51318?
5
What is the units digit of 2678?
8
What is the hundreds digit of 13181?
1
What is the hundreds digit of 608?
6
What is the thousands digit of 19459?
9
What is the hundreds digit of 4598?
5
What is the hundreds digit of 8502?
5
What is the ten thousands digit of 44846?
4
What is the thousands digit of 12209?
2
What is the tens digit of 619?
1
What is the hundreds digit of 9041?
0
What is the tens digit of 8574?
7
What is the units digit of 1499?
9
What is the thousands digit of 132537?
2
What is the tens digit of 17826?
2
What is the thousands digit of 10838?
0
What is the units digit of 192?
2
What is the units digit of 2345?
5
What is the tens digit of 10764?
6
What is the ten thousands digit of 27458?
2
What is the hundreds digit of 1475?
4
What is the hundreds digit of 1551?
5
What is the hundreds digit of 8674?
6
What is the tens digit of 6262?
6
What is the units digit of 4133?
3
What is the units digit of 463?
3
What is the hundreds digit of 13074?
0
What is the hundreds digit of 3528?
5
What is the tens digit of 574?
7
What is the units digit of 36415?
5
What is the units digit of 26089?
9
What is the tens digit of 74?
7
What is the units digit of 560?
0
What is the thousands digit of 33192?
3
What is the hundreds digit of 16067?
0
What is the units digit of 629?
9
What is the tens digit of 15275?
7
What is the hundreds digit of 7981?
9
What is the tens digit of 3024?
2
What is the units digit of 24898?
8
What is the tens digit of 7245?
4
What is the hundreds digit of 2007?
0
What is the tens digit of 11630?
3
What is the thousands digit of 3480?
3
What is the tens digit of 7325?
2
What is the tens digit of 19079?
7
What is the thousands digit of 41594?
1
What is the hundreds digit of 3299?
2
What is the ten thousands digit of 139780?
3
What is the thousands digit of 2574?
2
What is the units digit of 1262?
2
What is the hundreds digit of 2468?
4
What is the units digit of 492?
2
What is the tens digit of 4538?
3
What is the tens digit of 1334?
3
What is the units digit of 10147?
7
What is the thousands digit of 51960?
1
What is the thousands digit of 70898?
0
What is the thousands digit of 139513?
9
What is the hundreds digit of 5199?
1
What is the ten thousands digit of 46101?
4
What is the ten thousands digit of 13264?
1
What is the thousands digit of 7773?
7
What is the tens digit of 1907?
0
What is the units digit of 3258?
8
What is the units digit of 7519?
9
What is the thousands digit of 6143?
6
What is the ten thousands digit of 31188?
3
What is the tens digit of 10854?
5
What is the tens digit of 93854?
5
What is the units digit of 7494?
4
What is the units digit of 2800?
0
What is the tens digit of 16612?
1
What is the thousands digit of 1647?
1
What is the hundreds digit of 12622?
6
What is the units digit of 1198?
8
What is the hundreds digit of 38428?
4
What is the thousands digit of 1951?
1
What is the thousands digit of 92200?
2
What is the hundred thousands digit of 108872?
1
What is the units digit of 57641?
1
What is the units digit of 1018?
8
What is the ten thousands digit of 29893?
2
What is the tens digit of 974?
7
What is the thousands digit of 1131?
1
What is the hundreds digit of 862?
8
What is the hundreds digit of 9912?
9
What is the units digit of 130039?
9
What is the thousands digit of 2012?
2
What is the hundreds digit of 372?
3
What is the tens digit of 78158?
5
What is the tens digit of 9639?
3
What is the thousands digit of 4409?
4
What is the thousands digit of 164630?
4
What is the ten thousands digit of 21039?
2
What is the ten thousands digit of 174047?
7
What is the thousands digit of 9372?
9
What is the units digit of 1095?
5
What is the units digit of 7397?
7
What is the hundreds digit of 13658?
6
What is the thousands digit of 4558?
4
What is the units digit of 2418?
8
What is the units digit of 4782?
2
What is the tens digit of 1161?
6
What is the units digit of 71926?
6
What is the hundreds digit of 589?
5
What is the tens digit of 26878?
7
What is the hundreds digit of 7166?
1
What is the thousands digit of 2500?
2
What is the hundreds digit of 5186?
1
What is the h